te?
False
Is 30519883 composite?
False
Is 25576961 a composite number?
True
Is 361361655283 prime?
True
Is 1576603819 a prime number?
False
Is 14790461421 a prime number?
False
Is 672234977 a composite number?
True
Is 569840826989 prime?
False
Is 3136942631 prime?
True
Is 146209751 a prime number?
True
Is 2136878819 prime?
True
Is 66279197 composite?
False
Is 257737351 a prime number?
False
Is 2086384187 composite?
True
Is 2252664251 a composite number?
False
Is 7302606163 composite?
False
Is 437177341 a prime number?
False
Is 3800466223 a prime number?
False
Is 6093015967 a composite number?
False
Is 929563139 a prime number?
False
Is 2153875173 prime?
False
Is 93341664317 composite?
True
Is 14066390215 prime?
False
Is 119250991 a composite number?
False
Is 10215129777 a prime number?
False
Is 16912376147 composite?
False
Is 22430451817 prime?
True
Is 276663137 prime?
True
Is 7372787101 a composite number?
True
Is 2679885277 prime?
True
Is 6165798349 prime?
True
Is 178430999 composite?
False
Is 3324782757 composite?
True
Is 272087593 composite?
True
Is 3657472981 prime?
True
Is 9816890023 a composite number?
True
Is 5879628913 a composite number?
False
Is 4249045361 a prime number?
False
Is 61130090823 a prime number?
False
Is 3574895669 a prime number?
False
Is 4572759713 prime?
True
Is 1551969469 a prime number?
False
Is 129030389 a composite number?
True
Is 82725903283 composite?
False
Is 72454997995 a prime number?
False
Is 574374142765 a composite number?
True
Is 23261507779 a prime number?
False
Is 45349153 composite?
True
Is 23929691081 a composite number?
False
Is 1151390609 prime?
False
Is 16531163553 a composite number?
True
Is 61391990329 a composite number?
False
Is 350041589 prime?
True
Is 1609744261 composite?
False
Is 6600299257 prime?
True
Is 2299798427 a composite number?
False
Is 2402972717 a composite number?
True
Is 22361534897 a prime number?
False
Is 2398927719 composite?
True
Is 11077763357 a composite number?
False
Is 5345957891 prime?
True
Is 48342530827 composite?
False
Is 146344903 prime?
False
Is 468453389 prime?
True
Is 874067687 a prime number?
False
Is 101087739709 composite?
True
Is 6481515779 composite?
True
Is 147104060009 a composite number?
False
Is 2662300073 prime?
True
Is 350121119 a composite number?
False
Is 32192969 a composite number?
False
Is 61518305003 prime?
True
Is 59639859911 prime?
True
Is 27417266959 prime?
True
Is 11025162581 prime?
True
Is 2357192249 a composite number?
True
Is 10695251 a prime number?
False
Is 33502578847 composite?
False
Is 3133566867 composite?
True
Is 20786379307 prime?
False
Is 8160330979 a prime number?
True
Is 1589547389 composite?
False
Is 80875901591 a composite number?
True
Is 839330873 composite?
True
Is 411667469 a composite number?
True
Is 729538373 composite?
False
Is 214148171 a prime number?
True
Is 5056390481 composite?
False
Is 25893264431 prime?
False
Is 47449546297 composite?
False
Is 3431397157 prime?
True
Is 578162387 a composite number?
True
Is 2574650821 prime?
False
Is 304972721 a prime number?
False
Is 470097203 a composite number?
False
Is 229885459 composite?
False
Is 2422411223 composite?
False
Is 831733673 prime?
True
Is 2473018337 a prime number?
False
Is 565269347 prime?
True
Is 2345896711 prime?
True
Is 19960729447 prime?
False
Is 3539436259 prime?
False
Is 64688741597 a composite number?
False
Is 22888325183 a prime number?
False
Is 1602465023 prime?
True
Is 7729507157 composite?
False
Is 1281869821 composite?
True
Is 339024110389 prime?
False
Is 1649524039 a composite number?
True
Is 67840496323 composite?
True
Is 757695331 a composite number?
True
Is 421225414 a composite number?
True
Is 1201701091 a composite number?
True
Is 66298586303 a composite number?
False
Is 14035562617 a prime number?
True
Is 131889397 a prime number?
False
Is 5143937389 prime?
True
Is 80711961689 prime?
True
Is 4288972789 composite?
True
Is 624292273 a composite number?
True
Is 1586459887 a prime number?
True
Is 3050390489 composite?
True
Is 13126681045 a prime number?
False
Is 559107097 a composite number?
False
Is 2039053391 a prime number?
True
Is 20166190409 composite?
False
Is 31704913 composite?
True
Is 8583286177 a prime number?
False
Is 669759019 composite?
False
Is 73233184403 a prime number?
True
Is 1209821369 a composite number?
False
Is 88207987313 a prime number?
True
Is 751018069 a prime number?
False
Is 2937062803 a prime number?
True
Is 19423991 a prime number?
True
Is 118898761 composite?
False
Is 58208219 a composite number?
True
Is 15289491241 a prime number?
False
Is 729408809 composite?
False
Is 811193153 a prime number?
True
Is 3826755881 composite?
True
Is 405646543 a prime number?
True
Is 92031996019 prime?
False
Is 2681578573 composite?
True
Is 190750567 a prime number?
False
Is 1233703091 composite?
False
Is 6104618651 composite?
True
Is 20179376183 prime?
True
Is 3615655613 a composite number?
True
Is 19582165451 prime?
True
Is 264887951 a prime number?
False
Is 1198259047 a prime number?
True
Is 2556245299 a composite number?
True
Is 518138023 a prime number?
False
Is 9328742461 prime?
False
Is 38001176063 composite?
True
Is 1270633447 a composite number?
False
Is 8102150341 composite?
True
Is 3495149131 a composite number?
False
Is 437335621 prime?
True
Is 7309338031 prime?
False
Is 21549899753 a prime number?
True
Is 62774971543 a composite number?
False
Is 361120031 prime?
True
Is 15855215489 a prime number?
True
Is 962987755 composite?
True
Is 1172959003 composite?
False
Is 149467103 a prime number?
True
Is 31540927967 a composite number?
True
Is 3913721309 prime?
True
Is 2164588133 a composite number?
False
Is 1423964429 composite?
False
Is 226161577 a composite number?
False
Is 3898136303 composite?
False
Is 3644895977 composite?
True
Is 11086213949 composite?
False
Is 69350877151 composite?
False
Is 1902885541 composite?
True
Is 2844745331 a prime number?
True
Is 16072774133 a composite number?
True
Is 22169173701 a composite number?
True
Is 4471876729 a composite number?
True
Is 5402763517 a prime number?
False
Is 13333576631 a prime number?
True
Is 13203758053 prime?
True
Is 21250391261 prime?
False
Is 1189212161 prime?
True
Is 357071947 a prime number?
False
Is 34908663619 a composite number?
False
Is 51050693 composite?
True
Is 229853263721 composite?
False
Is 5289683237 a prime number?
False
Is 842881859 a composite number?
False
Is 7957536427 a prime number?
False
Is 11490270763 prime?
True
Is 7582750697 composite?
False
Is 9023208197 prime?
False
Is 654989999 a composite number?
False
Is 11744477513 a composite number?
True
Is 5663167351 composite?
True
Is 1922456021 a prime number?
True
Is 4706569771 prime?
False
Is 26067486989 composite?
False
Is 569426357 prime?
True
Is 2240698883 a prime number?
False
Is 81797294009 a composite number?
False
Is 2993392921 a composite number?
True
Is 78498611999 a composite number?
True
Is 5105074151 a composite number?
False
Is 11458723 a composite number?
False
Is 2841338407 a composite number?
False
Is 33705466705 prime?
False
Is 80426131 composite?
False
Is 7510240709 a composite number?
False
Is 46948193 a composite number?
False
Is 6734262335 composite?
True
Is 25334092981 a composite number?
True
Is 536724073 a prime number?
True
Is 364739651 prime?
True
Is 24352134931 a prime number?
False
Is 1703037559 a composite number?
True
Is 650210567 composite?
False
Is 125910183463 a prime number?
True
Is 269666587 a prime number?
True
Is 4366381171 a prime number?
True
Is 236715431 a composite number?
False
Is 699730223 prime?
False
Is 338381627 prime?
False
Is 1480146509 composite?
False
Is 5029705295 a prime number?
False
Is 14963222123 composite?
False
Is 281767919 a prime number?
False
Is 104535134371 a composite number?
True
Is 5700077 prime?
False
Is 11649586183 a prime number?
True
Is 3487140049 prime?
False
Is 56393639 prime?
True
Is 3043559839 a prime number?
False
Is 15412669 prime?
True
Is 250240402927 prime?
True
Is 12029330359 composite?
False
Is 39619898933 composite?
False
Is 1484094211 a composite number?
False
Is 6829806673 prime?
True
Is 60650169529 prime?
True
Is 5262847061 composite?
True
Is 432858941 a prime number?
False
Is 613450381 a prime number?
True
Is 